d - s + 864 = r, 6*s - 8*s - 442 = -d. What is the hundreds digit of d?
4
Let v(f) be the third derivative of -1/60*f**5 + 17/6*f**3 + 0*f + 3/4*f**4 + f**2 + 0. What is the units digit of v(18)?
7
Let u = -939 - -603. What is the tens digit of (u/(-18))/(-7)*-420?
2
What is the tens digit of 0/(-21) + (-2 - (-3669 + -1))?
6
Let o(p) = p**3 - 66*p**2 + 215*p + 179. What is the units digit of o(73)?
7
Suppose 0 = -p - 5, -z + 2*p = p - 67. Suppose z*b - 108659 = -18511. What is the hundreds digit of b?
4
Let b(n) = 581*n - 340. What is the units digit of b(9)?
9
Suppose -2*z + 4*z - 5*s - 33 = 0, -3*z + 33 = -2*s. Let l = 13 - z. Suppose 0*v + l*h = -2*v + 8, -2*v + 5*h = -35. What is the units digit of v?
0
Suppose 0 = -3*g - 2*g. Suppose g = -2*d + 5*y + 746 - 60, -1042 = -3*d + y. What is the tens digit of d?
4
Let c = -69361 - -97515. What is the ten thousands digit of c?
2
Let f = -338 + 196. Let o = 795 + f. What is the tens digit of o?
5
Let v be -3*3*(-3685)/11. Suppose 0 = -5*w - 5*p + v, 6*w - 2444 = 2*w + 4*p. Let k = -341 + w. What is the hundreds digit of k?
2
Let c(n) = n. Let b(i) = 106*i + 81. Let d(j) = b(j) - c(j). What is the tens digit of d(3)?
9
Let r(l) = -l**2 - 11*l - 9. Let g be r(-11). Let j be ((-582)/g)/((-3)/(-9)). Let d = j + -104. What is the units digit of d?
0
Let p(j) = -2*j**3 + 9*j**2 + 3*j + 6. Let b be p(5). Let u be b/16 - (-1287)/(-4). Let x = -143 - u. What is the units digit of x?
9
Let a(g) = g + 7. Let t(y) = 4*y + 36. Let b(x) = 16*a(x) - 3*t(x). Let c(v) = v**2 + 9*v + 2. Let j be c(-10). What is the units digit of b(j)?
2
Suppose -2*t - 3*m + 1416 = 0, 2*t = -6*m + 5*m + 1424. Suppose 12*v - 18*v = -t. What is the tens digit of v?
1
Let z(q) = -20*q + 8. Let g(n) = 41*n - 15. Let p(v) = 3*g(v) + 5*z(v). Let b(u) = u**3 + 6*u**2 + 5*u + 6. Let x be b(-5). What is the units digit of p(x)?
3
Let y(i) be the first derivative of -i**4/2 - 11*i**3/3 - 9*i**2 - 15*i + 10. What is the tens digit of y(-7)?
5
Let a = -28 - -40. Suppose -10*o + a*o + 50 = 0. Let l = o + 112. What is the tens digit of l?
8
Let t = 28484 + -10256. What is the thousands digit of t?
8
Let s = -6 - -8. Suppose 75 = -26*n + 11*n. What is the tens digit of 29736/140 + s/n?
1
Suppose -42*o + 756 = -39*o. Suppose x - o = -6*x. Suppose -2*r + x = -12. What is the units digit of r?
4
Suppose 3*b - 2*k + 9 = k, -2*k = -4. What is the units digit of (-1153 + -1)*b/2?
7
Let t = -806 + 820. Suppose -17*s + t*s = -1329. What is the tens digit of s?
4
Suppose 8 = 29*n - 30*n. Let p be ((-16)/(-12))/(n/(-12)). Suppose 0 = -3*u - 2*j + 622, -p*j - 1121 + 301 = -4*u. What is the units digit of u?
6
Let a = -13 - -18. Suppose a*h - 21*h + 3664 = 0. What is the tens digit of h?
2
Let u = 245 - 172. Suppose -2*d + d + u = 0. Let h = -52 + d. What is the units digit of h?
1
Let j = 32635 - 17301. What is the ten thousands digit of j?
1
Let t be (-954 - 1)/5 + -3. Let z = 201 - t. What is the tens digit of z?
9
Suppose 0 = -v + x - 11, -2*v + x + 4*x - 13 = 0. Let j = 277 + v. What is the units digit of j?
3
Let h be 3/(-4) + (-904)/32. Let d = h - -33. Suppose 4*x - 135 = 2*x - 5*w, -2*w - 282 = -d*x. What is the units digit of x?
0
Let w(b) = -65*b**3 + 6*b**2 - 8*b + 10. What is the tens digit of w(-7)?
5
Suppose 25*v = 27*v + 82. What is the tens digit of v/(-2)*(40/(-4) - -28)?
6
Let h(n) be the third derivative of n**6/120 + 13*n**5/60 + 3*n**4/8 + 3*n**3 - 10*n**2 - n. What is the hundreds digit of h(-9)?
2
Let k(t) be the second derivative of 3*t**4/2 + 23*t**3/6 + 20*t**2 + 111*t. What is the hundreds digit of k(-7)?
7
Let h(u) = 3*u**2 + 6*u - 19. Suppose -2*f - 5*f = 336. Let n = f - -43. What is the tens digit of h(n)?
2
Let y(t) = 12*t - 120. Let w be y(11). Let m(u) = u**2 + u - 14. What is the tens digit of m(w)?
4
Let k(q) = -90*q + 1718. What is the units digit of k(-80)?
8
Let u(h) = -h - 32. Let s be u(0). Let v = s + 36. Suppose 0 = 2*j - 3*f - 236, -5*f + 0*f - 470 = -v*j. What is the hundreds digit of j?
1
Suppose -153 = 5*n - 1433. Suppose o = -3*o - n. Let a = 123 + o. What is the units digit of a?
9
Suppose 23*m + 23*m - 42*m - 19580 = 0. What is the thousands digit of m?
4
Let m(l) = -4*l - 5 + 11*l + 2*l + 7*l**2. Let u be m(6). Suppose -305 = -3*j - x, 2*x - u = -4*j + j. What is the tens digit of j?
0
Suppose 3*b = 2*h - 6915, -5*b - 28 = -63. What is the units digit of h?
8
Let d(x) = 2*x**2 - 16*x + 34. Let u be d(0). Suppose 10560 = -c + u*c. What is the units digit of c?
0
Let j(z) = 2*z + 54. Let x be j(-14). Suppose -3*h - 5*c = -x, -2*h + 28 = 2*h + 5*c. What is the tens digit of -1 + 16 - h/2?
1
Suppose 0 = 3*k + 2*w - 11176, 5*k + w + 4*w = 18625. What is the units digit of k?
6
Let z = 96 - 92. Suppose 0 = -z*u + 20, 2*q - 2*u - 615 = 3*u. Let h = q - 185. What is the tens digit of h?
3
Suppose 5*k - 65 - 40 = 0. What is the thousands digit of (-3)/((-11)/(90475/k))?
1
Let f = -37 + 112. Let l = f - 9. What is the units digit of 375/((l/4)/11)?
0
Suppose 4*q - 2*u - 2*u = 12280, 4*q - 12283 = 3*u. Suppose -21*v = -6881 - q. What is the hundreds digit of v?
4
Let y be (1 + 4)*(-54)/(-270). What is the tens digit of (-33)/(-4)*y*4?
3
Let s = 891 - 1251. Let l = -92 - s. What is the tens digit of l?
6
Suppose -2*h = 5*p - h - 19, 26 = 2*p + 5*h. Suppose 0 = p*f + 4*a + 10 - 0, 10 = -f - 3*a. Suppose -f*o = 13*o - 2820. What is the hundreds digit of o?
1
What is the hundreds digit of 107*60/8*(-238)/(-35)?
4
Let f(r) = -2*r**2 - 80*r + 44. Let q be f(-36). Suppose -g = 2*x - 595, 5*g - q = -x - 30. What is the hundreds digit of x?
2
Let f(a) = -4394*a**3 - 2*a**2 + 194*a + 195. What is the hundreds digit of f(-1)?
3
Let t be 4/3*(186/12 - 8). Suppose t*p + 450 = 4000. What is the units digit of p?
5
Let c(w) = 27*w - 14. Let r be 2/(3*10/(-1185)). Let j = -76 - r. What is the tens digit of c(j)?
6
Suppose -13*s = -14606 - 24069. What is the thousands digit of s?
2
Suppose -13*g = -18*g. Suppose -3*j = -j - d - 3, g = -3*j + 4*d - 8. Suppose -8*r = -j*r - 380. What is the units digit of r?
5
Suppose -31*z = -38*z + 10185. Suppose 0 = 5*f - 10*f + z. What is the tens digit of f?
9
Let q(v) = -v**3 + 14*v**2 + 16*v - 21. Let b be q(15). Let k(a) = a**2 + 5*a - 7. Let y be k(b). Let h(c) = -71*c - 3. What is the tens digit of h(y)?
6
Let s(w) be the first derivative of -w**4 + w**3/3 + 9*w**2/2 + 13*w + 14. What is the units digit of s(-3)?
3
Let k(i) = -4*i + 25. Let l(g) be the second derivative of g**3/2 - 13*g**2 + 18*g. Let c(a) = 4*k(a) + 3*l(a). What is the tens digit of c(-7)?
7
Let y be (-2)/2*(-6 + (-21)/(-7)). Suppose 114 = 5*l + y*w - 5473, 0 = 3*w - 12. What is the tens digit of l?
1
Suppose 572 = 12*h - 16*h. Suppose -4*a - 7 = -g - 3, -a - 19 = 2*g. Let d = g - h. What is the hundreds digit of d?
1
Suppose 18*b = 4*b + b + 139256. What is the ten thousands digit of b?
1
Suppose 25*w + 59233 = 29*w - 3*m, 0 = -w - 2*m + 14811. What is the tens digit of w?
0
Let m(f) = -f**3 + 3*f**2 + f + 6. Let t be m(5). Suppose 3887 + 91 = 34*p. Let c = p + t. What is the units digit of c?
8
Let l = 45 + -36. Suppose -9 - 9 = l*c. What is the tens digit of (-3)/2 + (0 - 257/c)?
2
Let a = 7 - -1. Suppose -a*l + 9*l = 126. Let t = -26 + l. What is the units digit of t?
0
Let n be 416/(-12)*(0 - 33/2). Suppose -10*g = 232 - n. Suppose -2*u - 4*z - 11 = -3*u, -2*u + g = -4*z. What is the tens digit of u?
2
Let p = 41336 + -16971. What is the hundreds digit of p?
3
Let c = 1935 + 2340. Let z = c - 2602. What is the units digit of z?
3
Let t = 8739 + -2378. What is the thousands digit of t?
6
Let q = 844 + 2980. What is the thousands digit of q?
3
Let q be (2/(6/(-2665)))/(45/(-135)). Suppose 0*z + q = 5*z. What is the hundreds digit of z?
5
Suppose g + 296 = 5*l - g, 2*g = -l + 64. Let m = 64 - l. Suppose 2*k - m*k + 38 = 0. What is the units digit of k?
9
What is the units digit of (-16380)/72*1612/(-7)?
0
Let p(j) = 382*j**2 + 74*j + 37. What is the units digit of p(-10)?
7
Let n be (-5)/1 - (-60 + 61). Let l(s) = 13*s - 7. Let y(p) = p. Let d(j) = -l(j) + 5*y(j). What is the units digit of d(n)?
5
Let x(d) = -487*d**2 - 9*d - 10. Let y(z) = 485*z**2 + 12*z + 10. Let k(p) = -7*x(p) - 6*y(p). What is the units digit of